{"id":95,"date":"2023-12-07T23:26:39","date_gmt":"2023-12-07T23:26:39","guid":{"rendered":"https:\/\/vitapulita.com\/?post_type=product&#038;p=95"},"modified":"2025-06-05T13:26:09","modified_gmt":"2025-06-05T13:26:09","slug":"candeggina-gel","status":"publish","type":"product","link":"https:\/\/vitapulita.com\/index.php\/product\/candeggina-gel\/","title":{"rendered":"Candeggina Gel"},"content":{"rendered":"<p>Xheli dezinfekton dhe pastron t\u00eb gjitha sip\u00ebrfaqet e sht\u00ebpis\u00eb tuaj.<\/p>\n<p>Mund t\u00eb p\u00ebrdoret n\u00eb trajt\u00ebn e tij t\u00eb zakonshme por edhe i holluar p\u00ebr dyshemen\u00eb dhe sip\u00ebrfaqet e forta.<\/p>\n<p>Fal\u00eb p\u00ebrb\u00ebrjes s\u00eb Sodes nuk le er\u00ebn e fort\u00eb q\u00eb ju bezdis tek hund\u00ebt dhe syt\u00eb pas p\u00ebrdorimit.<\/p>\n<p>Sugjerohet t\u00eb p\u00ebrdoret n\u00eb ambiente ku ka njolla t\u00eb forta dhe WC.<\/p>\n","protected":false},"excerpt":{"rendered":"<p>Xheli dezinfekton dhe pastron t\u00eb gjitha sip\u00ebrfaqet e sht\u00ebpis\u00eb tuaj. Mund t\u00eb p\u00ebrdoret n\u00eb trajt\u00ebn e tij t\u00eb zakonshme por edhe i holluar p\u00ebr dyshemen\u00eb dhe sip\u00ebrfaqet e forta. Fal\u00eb p\u00ebrb\u00ebrjes s\u00eb Sodes nuk le er\u00ebn e fort\u00eb q\u00eb ju bezdis tek hund\u00ebt dhe syt\u00eb pas p\u00ebrdorimit. Sugjerohet t\u00eb p\u00ebrdoret n\u00eb ambiente ku ka njolla [&hellip;]<\/p>\n","protected":false},"featured_media":429,"comment_status":"open","ping_status":"closed","template":"","meta":[],"product_brand":[],"product_cat":[25],"product_tag":[],"class_list":{"0":"post-95","1":"product","2":"type-product","3":"status-publish","4":"has-post-thumbnail","6":"product_cat-candeggina","8":"first","9":"instock","10":"shipping-taxable","11":"purchasable","12":"product-type-simple"},"_links":{"self":[{"href":"https:\/\/vitapulita.com\/index.php\/wp-json\/wp\/v2\/product\/95","targetHints":{"allow":["GET"]}}],"collection":[{"href":"https:\/\/vitapulita.com\/index.php\/wp-json\/wp\/v2\/product"}],"about":[{"href":"https:\/\/vitapulita.com\/index.php\/wp-json\/wp\/v2\/types\/product"}],"replies":[{"embeddable":true,"href":"https:\/\/vitapulita.com\/index.php\/wp-json\/wp\/v2\/comments?post=95"}],"wp:featuredmedia":[{"embeddable":true,"href":"https:\/\/vitapulita.com\/index.php\/wp-json\/wp\/v2\/media\/429"}],"wp:attachment":[{"href":"https:\/\/vitapulita.com\/index.php\/wp-json\/wp\/v2\/media?parent=95"}],"wp:term":[{"taxonomy":"product_brand","embeddable":true,"href":"https:\/\/vitapulita.com\/index.php\/wp-json\/wp\/v2\/product_brand?post=95"},{"taxonomy":"product_cat","embeddable":true,"href":"https:\/\/vitapulita.com\/index.php\/wp-json\/wp\/v2\/product_cat?post=95"},{"taxonomy":"product_tag","embeddable":true,"href":"https:\/\/vitapulita.com\/index.php\/wp-json\/wp\/v2\/product_tag?post=95"}],"curies":[{"name":"wp","href":"https:\/\/api.w.org\/{rel}","templated":true}]}}