{"id":77,"date":"2023-12-07T23:04:02","date_gmt":"2023-12-07T23:04:02","guid":{"rendered":"https:\/\/vitapulita.com\/?post_type=product&#038;p=77"},"modified":"2024-09-18T21:37:12","modified_gmt":"2024-09-18T21:37:12","slug":"bagnoschiuma-ipoallergenico","status":"publish","type":"product","link":"https:\/\/vitapulita.com\/index.php\/product\/bagnoschiuma-ipoallergenico\/","title":{"rendered":"Bagnoschiuma Ipoallergenico"},"content":{"rendered":"<p><strong>Shampoja e trupit hipoalergjike<\/strong> pastron but\u00ebsisht trupin dhe mbron personat e predispozuar nga efektet alergjike fal\u00eb munges\u00ebs s\u00eb parfumit.<\/p>\n<p>E p\u00ebrshtatshme p\u00ebr f\u00ebmij\u00eb dhe persona me l\u00ebkur\u00eb t\u00eb ndjeshme.<\/p>\n","protected":false},"excerpt":{"rendered":"<p>Shampoja e trupit hipoalergjike pastron but\u00ebsisht trupin dhe mbron personat e predispozuar nga efektet alergjike fal\u00eb munges\u00ebs s\u00eb parfumit. E p\u00ebrshtatshme p\u00ebr f\u00ebmij\u00eb dhe persona me l\u00ebkur\u00eb t\u00eb ndjeshme.<\/p>\n","protected":false},"featured_media":444,"comment_status":"open","ping_status":"closed","template":"","meta":[],"product_brand":[],"product_cat":[23],"product_tag":[],"class_list":{"0":"post-77","1":"product","2":"type-product","3":"status-publish","4":"has-post-thumbnail","6":"product_cat-hipoalergjike","8":"first","9":"instock","10":"shipping-taxable","11":"purchasable","12":"product-type-simple"},"_links":{"self":[{"href":"https:\/\/vitapulita.com\/index.php\/wp-json\/wp\/v2\/product\/77","targetHints":{"allow":["GET"]}}],"collection":[{"href":"https:\/\/vitapulita.com\/index.php\/wp-json\/wp\/v2\/product"}],"about":[{"href":"https:\/\/vitapulita.com\/index.php\/wp-json\/wp\/v2\/types\/product"}],"replies":[{"embeddable":true,"href":"https:\/\/vitapulita.com\/index.php\/wp-json\/wp\/v2\/comments?post=77"}],"wp:featuredmedia":[{"embeddable":true,"href":"https:\/\/vitapulita.com\/index.php\/wp-json\/wp\/v2\/media\/444"}],"wp:attachment":[{"href":"https:\/\/vitapulita.com\/index.php\/wp-json\/wp\/v2\/media?parent=77"}],"wp:term":[{"taxonomy":"product_brand","embeddable":true,"href":"https:\/\/vitapulita.com\/index.php\/wp-json\/wp\/v2\/product_brand?post=77"},{"taxonomy":"product_cat","embeddable":true,"href":"https:\/\/vitapulita.com\/index.php\/wp-json\/wp\/v2\/product_cat?post=77"},{"taxonomy":"product_tag","embeddable":true,"href":"https:\/\/vitapulita.com\/index.php\/wp-json\/wp\/v2\/product_tag?post=77"}],"curies":[{"name":"wp","href":"https:\/\/api.w.org\/{rel}","templated":true}]}}