{"id":59,"date":"2023-12-07T22:47:02","date_gmt":"2023-12-07T22:47:02","guid":{"rendered":"https:\/\/vitapulita.com\/?post_type=product&#038;p=59"},"modified":"2025-06-06T08:50:55","modified_gmt":"2025-06-06T08:50:55","slug":"acqua-di-sale-2","status":"publish","type":"product","link":"https:\/\/vitapulita.com\/index.php\/product\/acqua-di-sale-2\/","title":{"rendered":"Acqua di Sale"},"content":{"rendered":"<p><strong>Zbut\u00ebsi i rrobave Acqua di Sale<\/strong> me arom\u00eb t\u00eb fresk\u00ebt oqeanike i jep p\u00eblhurave but\u00ebsi dhe nj\u00eb efekt antistatik, duke i b\u00ebr\u00eb t\u00eb k\u00ebndshme p\u00ebr t&#8217;u veshur dhe p\u00ebrk\u00ebdhelur. Gjithashtu e b\u00ebn shum\u00eb m\u00eb t\u00eb leht\u00eb hekurosjen, fal\u00eb reduktimit t\u00eb f\u00ebrkimit midis fibrave.<\/p>\n<p>Perdorimi: 70 ml p\u00ebr larje<\/p>\n","protected":false},"excerpt":{"rendered":"<p>Zbut\u00ebsi i rrobave Acqua di Sale me arom\u00eb t\u00eb fresk\u00ebt oqeanike i jep p\u00eblhurave but\u00ebsi dhe nj\u00eb efekt antistatik, duke i b\u00ebr\u00eb t\u00eb k\u00ebndshme p\u00ebr t&#8217;u veshur dhe p\u00ebrk\u00ebdhelur. Gjithashtu e b\u00ebn shum\u00eb m\u00eb t\u00eb leht\u00eb hekurosjen, fal\u00eb reduktimit t\u00eb f\u00ebrkimit midis fibrave. Perdorimi: 70 ml p\u00ebr larje<\/p>\n","protected":false},"featured_media":464,"comment_status":"open","ping_status":"closed","template":"","meta":[],"product_brand":[],"product_cat":[22],"product_tag":[],"class_list":{"0":"post-59","1":"product","2":"type-product","3":"status-publish","4":"has-post-thumbnail","6":"product_cat-zbutes-rrobash","8":"first","9":"instock","10":"shipping-taxable","11":"purchasable","12":"product-type-simple"},"_links":{"self":[{"href":"https:\/\/vitapulita.com\/index.php\/wp-json\/wp\/v2\/product\/59","targetHints":{"allow":["GET"]}}],"collection":[{"href":"https:\/\/vitapulita.com\/index.php\/wp-json\/wp\/v2\/product"}],"about":[{"href":"https:\/\/vitapulita.com\/index.php\/wp-json\/wp\/v2\/types\/product"}],"replies":[{"embeddable":true,"href":"https:\/\/vitapulita.com\/index.php\/wp-json\/wp\/v2\/comments?post=59"}],"wp:featuredmedia":[{"embeddable":true,"href":"https:\/\/vitapulita.com\/index.php\/wp-json\/wp\/v2\/media\/464"}],"wp:attachment":[{"href":"https:\/\/vitapulita.com\/index.php\/wp-json\/wp\/v2\/media?parent=59"}],"wp:term":[{"taxonomy":"product_brand","embeddable":true,"href":"https:\/\/vitapulita.com\/index.php\/wp-json\/wp\/v2\/product_brand?post=59"},{"taxonomy":"product_cat","embeddable":true,"href":"https:\/\/vitapulita.com\/index.php\/wp-json\/wp\/v2\/product_cat?post=59"},{"taxonomy":"product_tag","embeddable":true,"href":"https:\/\/vitapulita.com\/index.php\/wp-json\/wp\/v2\/product_tag?post=59"}],"curies":[{"name":"wp","href":"https:\/\/api.w.org\/{rel}","templated":true}]}}