{"id":488,"date":"2024-10-01T20:20:55","date_gmt":"2024-10-01T20:20:55","guid":{"rendered":"https:\/\/vitapulita.com\/?post_type=product&#038;p=488"},"modified":"2024-10-01T20:29:56","modified_gmt":"2024-10-01T20:29:56","slug":"lavapiatti-melograno","status":"publish","type":"product","link":"https:\/\/vitapulita.com\/index.php\/product\/lavapiatti-melograno\/","title":{"rendered":"Melograno"},"content":{"rendered":"<p>Lar\u00ebsi i en\u00ebve me sheg\u00eb \u00ebsht\u00eb shum\u00eb efikas n\u00eb pastrimin e yndyrnave. Krahas k\u00ebsaj, aroma fantastike e sheg\u00ebs e b\u00ebn procesin e larjes shum\u00eb t\u00eb k\u00ebndsh\u00ebm p\u00ebr ju.<\/p>\n","protected":false},"excerpt":{"rendered":"<p>Lar\u00ebsi i en\u00ebve me sheg\u00eb \u00ebsht\u00eb shum\u00eb efikas n\u00eb pastrimin e yndyrnave. Krahas k\u00ebsaj, aroma fantastike e sheg\u00ebs e b\u00ebn procesin e larjes shum\u00eb t\u00eb k\u00ebndsh\u00ebm p\u00ebr ju.<\/p>\n","protected":false},"featured_media":489,"comment_status":"open","ping_status":"closed","template":"","meta":[],"product_brand":[],"product_cat":[27],"product_tag":[38],"class_list":{"0":"post-488","1":"product","2":"type-product","3":"status-publish","4":"has-post-thumbnail","6":"product_cat-lares-enesh","7":"product_tag-lavapiatti","9":"first","10":"instock","11":"shipping-taxable","12":"purchasable","13":"product-type-simple"},"_links":{"self":[{"href":"https:\/\/vitapulita.com\/index.php\/wp-json\/wp\/v2\/product\/488","targetHints":{"allow":["GET"]}}],"collection":[{"href":"https:\/\/vitapulita.com\/index.php\/wp-json\/wp\/v2\/product"}],"about":[{"href":"https:\/\/vitapulita.com\/index.php\/wp-json\/wp\/v2\/types\/product"}],"replies":[{"embeddable":true,"href":"https:\/\/vitapulita.com\/index.php\/wp-json\/wp\/v2\/comments?post=488"}],"wp:featuredmedia":[{"embeddable":true,"href":"https:\/\/vitapulita.com\/index.php\/wp-json\/wp\/v2\/media\/489"}],"wp:attachment":[{"href":"https:\/\/vitapulita.com\/index.php\/wp-json\/wp\/v2\/media?parent=488"}],"wp:term":[{"taxonomy":"product_brand","embeddable":true,"href":"https:\/\/vitapulita.com\/index.php\/wp-json\/wp\/v2\/product_brand?post=488"},{"taxonomy":"product_cat","embeddable":true,"href":"https:\/\/vitapulita.com\/index.php\/wp-json\/wp\/v2\/product_cat?post=488"},{"taxonomy":"product_tag","embeddable":true,"href":"https:\/\/vitapulita.com\/index.php\/wp-json\/wp\/v2\/product_tag?post=488"}],"curies":[{"name":"wp","href":"https:\/\/api.w.org\/{rel}","templated":true}]}}