{"id":36,"date":"2023-12-07T22:19:28","date_gmt":"2023-12-07T22:19:28","guid":{"rendered":"https:\/\/vitapulita.com\/?post_type=product&#038;p=36"},"modified":"2024-10-01T17:26:07","modified_gmt":"2024-10-01T17:26:07","slug":"capri","status":"publish","type":"product","link":"https:\/\/vitapulita.com\/index.php\/product\/capri\/","title":{"rendered":"Capri"},"content":{"rendered":"<p><strong>Detergjenti lar\u00ebs p\u00ebr rroba me ngjyra Capri<\/strong> \u00ebsht\u00eb i p\u00ebrshtatsh\u00ebm p\u00ebr larjet n\u00eb lavatrice dhe me dor\u00eb dhe ka nj\u00eb arom\u00eb intensive q\u00eb zgjat n\u00eb koh\u00eb.<\/p>\n<p>Fragranca fantastike frym\u00ebzohet nga parfumi Light Blue i Dolce and Gabbana-s.<\/p>\n<p>P\u00ebrdorimi: 70 ml p\u00ebr larje<\/p>\n<p><a href=\"https:\/\/vitapulita.com\/wp-content\/uploads\/2023\/12\/ST_Lavatrice-capri.pdf\">ST_Lavatrice-capri<\/a><\/p>\n","protected":false},"excerpt":{"rendered":"<p>Detergjenti lar\u00ebs p\u00ebr rroba me ngjyra Capri \u00ebsht\u00eb i p\u00ebrshtatsh\u00ebm p\u00ebr larjet n\u00eb lavatrice dhe me dor\u00eb dhe ka nj\u00eb arom\u00eb intensive q\u00eb zgjat n\u00eb koh\u00eb. Fragranca fantastike frym\u00ebzohet nga parfumi Light Blue i Dolce and Gabbana-s. P\u00ebrdorimi: 70 ml p\u00ebr larje ST_Lavatrice-capri<\/p>\n","protected":false},"featured_media":484,"comment_status":"open","ping_status":"closed","template":"","meta":[],"product_brand":[],"product_cat":[21],"product_tag":[],"class_list":{"0":"post-36","1":"product","2":"type-product","3":"status-publish","4":"has-post-thumbnail","6":"product_cat-lares-rrobash","8":"first","9":"instock","10":"shipping-taxable","11":"purchasable","12":"product-type-simple"},"_links":{"self":[{"href":"https:\/\/vitapulita.com\/index.php\/wp-json\/wp\/v2\/product\/36","targetHints":{"allow":["GET"]}}],"collection":[{"href":"https:\/\/vitapulita.com\/index.php\/wp-json\/wp\/v2\/product"}],"about":[{"href":"https:\/\/vitapulita.com\/index.php\/wp-json\/wp\/v2\/types\/product"}],"replies":[{"embeddable":true,"href":"https:\/\/vitapulita.com\/index.php\/wp-json\/wp\/v2\/comments?post=36"}],"wp:featuredmedia":[{"embeddable":true,"href":"https:\/\/vitapulita.com\/index.php\/wp-json\/wp\/v2\/media\/484"}],"wp:attachment":[{"href":"https:\/\/vitapulita.com\/index.php\/wp-json\/wp\/v2\/media?parent=36"}],"wp:term":[{"taxonomy":"product_brand","embeddable":true,"href":"https:\/\/vitapulita.com\/index.php\/wp-json\/wp\/v2\/product_brand?post=36"},{"taxonomy":"product_cat","embeddable":true,"href":"https:\/\/vitapulita.com\/index.php\/wp-json\/wp\/v2\/product_cat?post=36"},{"taxonomy":"product_tag","embeddable":true,"href":"https:\/\/vitapulita.com\/index.php\/wp-json\/wp\/v2\/product_tag?post=36"}],"curies":[{"name":"wp","href":"https:\/\/api.w.org\/{rel}","templated":true}]}}