{"id":33,"date":"2023-11-04T20:29:45","date_gmt":"2023-11-04T20:29:45","guid":{"rendered":"https:\/\/vitapulita.com\/?post_type=product&#038;p=33"},"modified":"2024-10-01T15:35:20","modified_gmt":"2024-10-01T15:35:20","slug":"lares-rrobash","status":"publish","type":"product","link":"https:\/\/vitapulita.com\/index.php\/product\/lares-rrobash\/","title":{"rendered":"Enzimatico"},"content":{"rendered":"<p><strong>Detergjenti lar\u00ebs p\u00ebr rroba Enzimatico<\/strong> \u00ebsht\u00eb shum\u00eb efikas p\u00ebr t\u00eb hequr aromat e forta dhe njollat. Esht\u00eb i p\u00ebrshtatsh\u00ebm p\u00ebr larje n\u00eb lavatrice dhe larje me dor\u00eb. Ai ka permbajtje organike te acidit citrik dhe fal\u00eb tij shp\u00ebrb\u00ebn edhe kalciumin q\u00eb gjendet n\u00eb uj\u00eb. Mund t\u00eb p\u00ebrdoret p\u00ebr t\u00eb lar\u00eb rrobat pas st\u00ebrvitjes, rrobat e mbajtura veshur gjat\u00eb n\u00eb trup, i p\u00ebrshtatsh\u00ebm p\u00ebr rroba me ngjyra dhe t\u00eb bardha si dhe p\u00ebr larje n\u00eb temperatura t\u00eb ndryshme. K\u00ebshillohet t\u00eb p\u00ebrdoret zbut\u00ebsi homolog me t\u00eb nj\u00ebjt\u00ebn arom\u00eb p\u00ebr t\u00eb mos perzier aromat gjat\u00eb larjes.<\/p>\n<p>P\u00ebrdorimi: 70 ml p\u00ebr larje<\/p>\n","protected":false},"excerpt":{"rendered":"<p>Detergjenti lar\u00ebs p\u00ebr rroba Enzimatico \u00ebsht\u00eb shum\u00eb efikas p\u00ebr t\u00eb hequr aromat e forta dhe njollat. Esht\u00eb i p\u00ebrshtatsh\u00ebm p\u00ebr larje n\u00eb lavatrice dhe larje me dor\u00eb. Ai ka permbajtje organike te acidit citrik dhe fal\u00eb tij shp\u00ebrb\u00ebn edhe kalciumin q\u00eb gjendet n\u00eb uj\u00eb. Mund t\u00eb p\u00ebrdoret p\u00ebr t\u00eb lar\u00eb rrobat pas st\u00ebrvitjes, rrobat e [&hellip;]<\/p>\n","protected":false},"featured_media":482,"comment_status":"open","ping_status":"closed","template":"","meta":[],"product_brand":[],"product_cat":[21],"product_tag":[],"class_list":{"0":"post-33","1":"product","2":"type-product","3":"status-publish","4":"has-post-thumbnail","6":"product_cat-lares-rrobash","8":"first","9":"instock","10":"shipping-taxable","11":"purchasable","12":"product-type-simple"},"_links":{"self":[{"href":"https:\/\/vitapulita.com\/index.php\/wp-json\/wp\/v2\/product\/33","targetHints":{"allow":["GET"]}}],"collection":[{"href":"https:\/\/vitapulita.com\/index.php\/wp-json\/wp\/v2\/product"}],"about":[{"href":"https:\/\/vitapulita.com\/index.php\/wp-json\/wp\/v2\/types\/product"}],"replies":[{"embeddable":true,"href":"https:\/\/vitapulita.com\/index.php\/wp-json\/wp\/v2\/comments?post=33"}],"wp:featuredmedia":[{"embeddable":true,"href":"https:\/\/vitapulita.com\/index.php\/wp-json\/wp\/v2\/media\/482"}],"wp:attachment":[{"href":"https:\/\/vitapulita.com\/index.php\/wp-json\/wp\/v2\/media?parent=33"}],"wp:term":[{"taxonomy":"product_brand","embeddable":true,"href":"https:\/\/vitapulita.com\/index.php\/wp-json\/wp\/v2\/product_brand?post=33"},{"taxonomy":"product_cat","embeddable":true,"href":"https:\/\/vitapulita.com\/index.php\/wp-json\/wp\/v2\/product_cat?post=33"},{"taxonomy":"product_tag","embeddable":true,"href":"https:\/\/vitapulita.com\/index.php\/wp-json\/wp\/v2\/product_tag?post=33"}],"curies":[{"name":"wp","href":"https:\/\/api.w.org\/{rel}","templated":true}]}}