{"id":310,"date":"2024-05-31T15:41:23","date_gmt":"2024-05-31T15:41:23","guid":{"rendered":"https:\/\/vitapulita.com\/?post_type=product&#038;p=310"},"modified":"2025-06-07T02:42:03","modified_gmt":"2025-06-07T02:42:03","slug":"zaffiro-2","status":"publish","type":"product","link":"https:\/\/vitapulita.com\/index.php\/product\/zaffiro-2\/","title":{"rendered":"Zaffiro"},"content":{"rendered":"<p>Nj\u00eb p\u00ebrzierje aromash past\u00ebrtie dhe freskie do t\u00eb shoq\u00ebroj\u00eb gjat\u00eb rrobat tuaja n\u00eb dollap pas larjes me zbutesin Zaffiro. I jep p\u00eblhurave but\u00ebsi dhe nj\u00eb efekt antistatik, duke i b\u00ebr\u00eb veshjet tuaja t\u00eb k\u00ebndshme p\u00ebr t&#8217;u veshur dhe p\u00ebrk\u00ebdhelur dhe m\u00eb t\u00eb lehta n\u00eb hekurosje.<\/p>\n<p>Perdorimi: 70 ml per larje (p\u00ebr lavatrice me kapacitet 7kg)<\/p>\n<p>&nbsp;<\/p>\n<p>*keshillohet te perdoret s\u00eb bashku me lar\u00ebsin e rrobave homolog Zaffiro<\/p>\n","protected":false},"excerpt":{"rendered":"<p>Nj\u00eb p\u00ebrzierje aromash past\u00ebrtie dhe freskie do t\u00eb shoq\u00ebroj\u00eb gjat\u00eb rrobat tuaja n\u00eb dollap pas larjes me zbutesin Zaffiro. I jep p\u00eblhurave but\u00ebsi dhe nj\u00eb efekt antistatik, duke i b\u00ebr\u00eb veshjet tuaja t\u00eb k\u00ebndshme p\u00ebr t&#8217;u veshur dhe p\u00ebrk\u00ebdhelur dhe m\u00eb t\u00eb lehta n\u00eb hekurosje. Perdorimi: 70 ml per larje (p\u00ebr lavatrice me kapacitet 7kg) [&hellip;]<\/p>\n","protected":false},"featured_media":332,"comment_status":"open","ping_status":"closed","template":"","meta":[],"product_brand":[],"product_cat":[22],"product_tag":[],"class_list":{"0":"post-310","1":"product","2":"type-product","3":"status-publish","4":"has-post-thumbnail","6":"product_cat-zbutes-rrobash","8":"first","9":"instock","10":"shipping-taxable","11":"purchasable","12":"product-type-simple"},"_links":{"self":[{"href":"https:\/\/vitapulita.com\/index.php\/wp-json\/wp\/v2\/product\/310","targetHints":{"allow":["GET"]}}],"collection":[{"href":"https:\/\/vitapulita.com\/index.php\/wp-json\/wp\/v2\/product"}],"about":[{"href":"https:\/\/vitapulita.com\/index.php\/wp-json\/wp\/v2\/types\/product"}],"replies":[{"embeddable":true,"href":"https:\/\/vitapulita.com\/index.php\/wp-json\/wp\/v2\/comments?post=310"}],"wp:featuredmedia":[{"embeddable":true,"href":"https:\/\/vitapulita.com\/index.php\/wp-json\/wp\/v2\/media\/332"}],"wp:attachment":[{"href":"https:\/\/vitapulita.com\/index.php\/wp-json\/wp\/v2\/media?parent=310"}],"wp:term":[{"taxonomy":"product_brand","embeddable":true,"href":"https:\/\/vitapulita.com\/index.php\/wp-json\/wp\/v2\/product_brand?post=310"},{"taxonomy":"product_cat","embeddable":true,"href":"https:\/\/vitapulita.com\/index.php\/wp-json\/wp\/v2\/product_cat?post=310"},{"taxonomy":"product_tag","embeddable":true,"href":"https:\/\/vitapulita.com\/index.php\/wp-json\/wp\/v2\/product_tag?post=310"}],"curies":[{"name":"wp","href":"https:\/\/api.w.org\/{rel}","templated":true}]}}