{"id":228,"date":"2023-12-18T15:46:38","date_gmt":"2023-12-18T15:46:38","guid":{"rendered":"https:\/\/vitapulita.com\/?post_type=product&#038;p=228"},"modified":"2024-09-04T22:13:10","modified_gmt":"2024-09-04T22:13:10","slug":"igienizzante","status":"publish","type":"product","link":"https:\/\/vitapulita.com\/index.php\/product\/igienizzante\/","title":{"rendered":"Igienizzante"},"content":{"rendered":"<p>Sapuni i l\u00ebngsh\u00ebm i duarve Igienizzante \u00ebsht\u00eb nj\u00eb detergjent i formuluar p\u00ebr t\u00eb pastruar duart shpesh dhe me kujdes.<\/p>\n<p>Eliminon aromat e k\u00ebqija dhe pastron thell\u00ebsisht l\u00ebkur\u00ebn duke sh\u00ebrbyer si nj\u00eb antibakterial efektiv.<\/p>\n<p>Sugjerohet t\u00eb mos mungoj\u00eb n\u00ebp\u00ebr sht\u00ebpi, por sidomos n\u00ebp\u00ebr biznese me shum\u00eb punonj\u00ebs, klinika, spitale, parukieri, estetika, etj.<\/p>\n","protected":false},"excerpt":{"rendered":"<p>Sapuni i l\u00ebngsh\u00ebm i duarve Igienizzante \u00ebsht\u00eb nj\u00eb detergjent i formuluar p\u00ebr t\u00eb pastruar duart shpesh dhe me kujdes. Eliminon aromat e k\u00ebqija dhe pastron thell\u00ebsisht l\u00ebkur\u00ebn duke sh\u00ebrbyer si nj\u00eb antibakterial efektiv. Sugjerohet t\u00eb mos mungoj\u00eb n\u00ebp\u00ebr sht\u00ebpi, por sidomos n\u00ebp\u00ebr biznese me shum\u00eb punonj\u00ebs, klinika, spitale, parukieri, estetika, etj.<\/p>\n","protected":false},"featured_media":345,"comment_status":"open","ping_status":"closed","template":"","meta":[],"product_brand":[],"product_cat":[35],"product_tag":[],"class_list":{"0":"post-228","1":"product","2":"type-product","3":"status-publish","4":"has-post-thumbnail","6":"product_cat-lares-duarsh","8":"first","9":"instock","10":"shipping-taxable","11":"purchasable","12":"product-type-simple"},"_links":{"self":[{"href":"https:\/\/vitapulita.com\/index.php\/wp-json\/wp\/v2\/product\/228","targetHints":{"allow":["GET"]}}],"collection":[{"href":"https:\/\/vitapulita.com\/index.php\/wp-json\/wp\/v2\/product"}],"about":[{"href":"https:\/\/vitapulita.com\/index.php\/wp-json\/wp\/v2\/types\/product"}],"replies":[{"embeddable":true,"href":"https:\/\/vitapulita.com\/index.php\/wp-json\/wp\/v2\/comments?post=228"}],"wp:featuredmedia":[{"embeddable":true,"href":"https:\/\/vitapulita.com\/index.php\/wp-json\/wp\/v2\/media\/345"}],"wp:attachment":[{"href":"https:\/\/vitapulita.com\/index.php\/wp-json\/wp\/v2\/media?parent=228"}],"wp:term":[{"taxonomy":"product_brand","embeddable":true,"href":"https:\/\/vitapulita.com\/index.php\/wp-json\/wp\/v2\/product_brand?post=228"},{"taxonomy":"product_cat","embeddable":true,"href":"https:\/\/vitapulita.com\/index.php\/wp-json\/wp\/v2\/product_cat?post=228"},{"taxonomy":"product_tag","embeddable":true,"href":"https:\/\/vitapulita.com\/index.php\/wp-json\/wp\/v2\/product_tag?post=228"}],"curies":[{"name":"wp","href":"https:\/\/api.w.org\/{rel}","templated":true}]}}