{"id":165,"date":"2023-12-13T21:08:42","date_gmt":"2023-12-13T21:08:42","guid":{"rendered":"https:\/\/vitapulita.com\/?post_type=product&#038;p=165"},"modified":"2024-09-05T21:16:18","modified_gmt":"2024-09-05T21:16:18","slug":"menta-e-licurizia","status":"publish","type":"product","link":"https:\/\/vitapulita.com\/index.php\/product\/menta-e-licurizia\/","title":{"rendered":"Menta e Licurizia"},"content":{"rendered":"<p>P\u00ebrk\u00ebdhelni trupin tuaj me xhelin p\u00ebr dush me mente dhe kanell\u00eb.<\/p>\n<p>Nj\u00eb shkum\u00eb kremoze dhe vetit\u00eb ushqyese kombinohen me veprimin mbrojt\u00ebs t\u00eb Quaternium 41, p\u00ebr nj\u00eb moment k\u00ebnaq\u00ebsie t\u00eb fresk\u00ebt.<\/p>\n<figure id=\"attachment_358\" aria-describedby=\"caption-attachment-358\" style=\"width: 233px\" class=\"wp-caption alignnone\"><img fetchpriority=\"high\" decoding=\"async\" class=\"size-medium wp-image-358\" src=\"https:\/\/vitapulita.com\/wp-content\/uploads\/2023\/12\/Bagnoschiuma-Licurizia-e-Menta-4-233x300.jpg\" alt=\"\" width=\"233\" height=\"300\" srcset=\"https:\/\/vitapulita.com\/wp-content\/uploads\/2023\/12\/Bagnoschiuma-Licurizia-e-Menta-4-233x300.jpg 233w, https:\/\/vitapulita.com\/wp-content\/uploads\/2023\/12\/Bagnoschiuma-Licurizia-e-Menta-4-794x1024.jpg 794w, https:\/\/vitapulita.com\/wp-content\/uploads\/2023\/12\/Bagnoschiuma-Licurizia-e-Menta-4-768x990.jpg 768w, https:\/\/vitapulita.com\/wp-content\/uploads\/2023\/12\/Bagnoschiuma-Licurizia-e-Menta-4-1192x1536.jpg 1192w, https:\/\/vitapulita.com\/wp-content\/uploads\/2023\/12\/Bagnoschiuma-Licurizia-e-Menta-4-1589x2048.jpg 1589w, https:\/\/vitapulita.com\/wp-content\/uploads\/2023\/12\/Bagnoschiuma-Licurizia-e-Menta-4-600x773.jpg 600w, https:\/\/vitapulita.com\/wp-content\/uploads\/2023\/12\/Bagnoschiuma-Licurizia-e-Menta-4-scaled.jpg 1986w\" sizes=\"(max-width: 233px) 100vw, 233px\" \/><figcaption id=\"caption-attachment-358\" class=\"wp-caption-text\">Oplus_1048608<\/figcaption><\/figure>\n","protected":false},"excerpt":{"rendered":"<p>P\u00ebrk\u00ebdhelni trupin tuaj me xhelin p\u00ebr dush me mente dhe kanell\u00eb. Nj\u00eb shkum\u00eb kremoze dhe vetit\u00eb ushqyese kombinohen me veprimin mbrojt\u00ebs t\u00eb Quaternium 41, p\u00ebr nj\u00eb moment k\u00ebnaq\u00ebsie t\u00eb fresk\u00ebt.<\/p>\n","protected":false},"featured_media":356,"comment_status":"open","ping_status":"closed","template":"","meta":[],"product_brand":[],"product_cat":[32],"product_tag":[],"class_list":{"0":"post-165","1":"product","2":"type-product","3":"status-publish","4":"has-post-thumbnail","6":"product_cat-bagnoschiuma","8":"first","9":"instock","10":"shipping-taxable","11":"purchasable","12":"product-type-simple"},"_links":{"self":[{"href":"https:\/\/vitapulita.com\/index.php\/wp-json\/wp\/v2\/product\/165","targetHints":{"allow":["GET"]}}],"collection":[{"href":"https:\/\/vitapulita.com\/index.php\/wp-json\/wp\/v2\/product"}],"about":[{"href":"https:\/\/vitapulita.com\/index.php\/wp-json\/wp\/v2\/types\/product"}],"replies":[{"embeddable":true,"href":"https:\/\/vitapulita.com\/index.php\/wp-json\/wp\/v2\/comments?post=165"}],"wp:featuredmedia":[{"embeddable":true,"href":"https:\/\/vitapulita.com\/index.php\/wp-json\/wp\/v2\/media\/356"}],"wp:attachment":[{"href":"https:\/\/vitapulita.com\/index.php\/wp-json\/wp\/v2\/media?parent=165"}],"wp:term":[{"taxonomy":"product_brand","embeddable":true,"href":"https:\/\/vitapulita.com\/index.php\/wp-json\/wp\/v2\/product_brand?post=165"},{"taxonomy":"product_cat","embeddable":true,"href":"https:\/\/vitapulita.com\/index.php\/wp-json\/wp\/v2\/product_cat?post=165"},{"taxonomy":"product_tag","embeddable":true,"href":"https:\/\/vitapulita.com\/index.php\/wp-json\/wp\/v2\/product_tag?post=165"}],"curies":[{"name":"wp","href":"https:\/\/api.w.org\/{rel}","templated":true}]}}