{"id":161,"date":"2023-12-13T21:05:03","date_gmt":"2023-12-13T21:05:03","guid":{"rendered":"https:\/\/vitapulita.com\/?post_type=product&#038;p=161"},"modified":"2024-09-05T21:22:54","modified_gmt":"2024-09-05T21:22:54","slug":"capri-4","status":"publish","type":"product","link":"https:\/\/vitapulita.com\/index.php\/product\/capri-4\/","title":{"rendered":"Capri"},"content":{"rendered":"<p>Shampoja e trupit Capri pastron but\u00ebsisht dhe l\u00eb n\u00eb l\u00ebkur\u00eb arom\u00ebn e saj p\u00ebr nj\u00eb\u00a0 koh\u00eb t\u00eb gjat\u00eb. Prania e Quaternium 41 mbron l\u00ebkur\u00ebn nga \u00e7do veprim i surfaktant\u00ebve.<\/p>\n<p>Frym\u00ebzuar nga parfumi Dolce &amp; Gabbana \u201cLight Bue \u2013 Bukuria e Caprit\u201d, ka nj\u00eb arom\u00eb drunore dhe aromatike, si bim\u00ebsia ekzistuese e harlisur. E p\u00ebrb\u00ebr\u00eb nga kedri dhe neroli, do t\u00eb jap\u00eb at\u00eb prekje t\u00eb fresk\u00ebt dhe verore, q\u00eb t\u00eb kujton detin e kristalt\u00eb t\u00eb Caprit.<\/p>\n","protected":false},"excerpt":{"rendered":"<p>Shampoja e trupit Capri pastron but\u00ebsisht dhe l\u00eb n\u00eb l\u00ebkur\u00eb arom\u00ebn e saj p\u00ebr nj\u00eb\u00a0 koh\u00eb t\u00eb gjat\u00eb. Prania e Quaternium 41 mbron l\u00ebkur\u00ebn nga \u00e7do veprim i surfaktant\u00ebve. Frym\u00ebzuar nga parfumi Dolce &amp; Gabbana \u201cLight Bue \u2013 Bukuria e Caprit\u201d, ka nj\u00eb arom\u00eb drunore dhe aromatike, si bim\u00ebsia ekzistuese e harlisur. E p\u00ebrb\u00ebr\u00eb nga [&hellip;]<\/p>\n","protected":false},"featured_media":363,"comment_status":"open","ping_status":"closed","template":"","meta":[],"product_brand":[],"product_cat":[32],"product_tag":[],"class_list":{"0":"post-161","1":"product","2":"type-product","3":"status-publish","4":"has-post-thumbnail","6":"product_cat-bagnoschiuma","8":"first","9":"instock","10":"shipping-taxable","11":"purchasable","12":"product-type-simple"},"_links":{"self":[{"href":"https:\/\/vitapulita.com\/index.php\/wp-json\/wp\/v2\/product\/161","targetHints":{"allow":["GET"]}}],"collection":[{"href":"https:\/\/vitapulita.com\/index.php\/wp-json\/wp\/v2\/product"}],"about":[{"href":"https:\/\/vitapulita.com\/index.php\/wp-json\/wp\/v2\/types\/product"}],"replies":[{"embeddable":true,"href":"https:\/\/vitapulita.com\/index.php\/wp-json\/wp\/v2\/comments?post=161"}],"wp:featuredmedia":[{"embeddable":true,"href":"https:\/\/vitapulita.com\/index.php\/wp-json\/wp\/v2\/media\/363"}],"wp:attachment":[{"href":"https:\/\/vitapulita.com\/index.php\/wp-json\/wp\/v2\/media?parent=161"}],"wp:term":[{"taxonomy":"product_brand","embeddable":true,"href":"https:\/\/vitapulita.com\/index.php\/wp-json\/wp\/v2\/product_brand?post=161"},{"taxonomy":"product_cat","embeddable":true,"href":"https:\/\/vitapulita.com\/index.php\/wp-json\/wp\/v2\/product_cat?post=161"},{"taxonomy":"product_tag","embeddable":true,"href":"https:\/\/vitapulita.com\/index.php\/wp-json\/wp\/v2\/product_tag?post=161"}],"curies":[{"name":"wp","href":"https:\/\/api.w.org\/{rel}","templated":true}]}}