{"id":143,"date":"2023-12-13T20:44:51","date_gmt":"2023-12-13T20:44:51","guid":{"rendered":"https:\/\/vitapulita.com\/?post_type=product&#038;p=143"},"modified":"2024-09-07T22:09:09","modified_gmt":"2024-09-07T22:09:09","slug":"balsamo-al-cocco","status":"publish","type":"product","link":"https:\/\/vitapulita.com\/index.php\/product\/balsamo-al-cocco\/","title":{"rendered":"Balsamo al Cocco"},"content":{"rendered":"<p>Mask\u00eb me arrakokos q\u00eb l\u00eb flok\u00ebt t\u00eb but\u00eb dhe t\u00eb leht\u00eb per t\u2019u krehur.<\/p>\n<p>Shp\u00eblahet me leht\u00ebsi.<\/p>\n<p>P\u00ebrdorimi: Vendoseni tek floket pasi e keni shp\u00eblar\u00eb mir\u00eb pas larjes me shampo dhe prisni 5 minuta p\u00ebrpara sa ta shp\u00eblani.<\/p>\n<p><img fetchpriority=\"high\" decoding=\"async\" class=\"alignnone size-medium wp-image-382\" src=\"https:\/\/vitapulita.com\/wp-content\/uploads\/2023\/12\/Balsamo-al-Cocco-197x300.jpg\" alt=\"\" width=\"197\" height=\"300\" srcset=\"https:\/\/vitapulita.com\/wp-content\/uploads\/2023\/12\/Balsamo-al-Cocco-197x300.jpg 197w, https:\/\/vitapulita.com\/wp-content\/uploads\/2023\/12\/Balsamo-al-Cocco-673x1024.jpg 673w, https:\/\/vitapulita.com\/wp-content\/uploads\/2023\/12\/Balsamo-al-Cocco-768x1169.jpg 768w, https:\/\/vitapulita.com\/wp-content\/uploads\/2023\/12\/Balsamo-al-Cocco-1009x1536.jpg 1009w, https:\/\/vitapulita.com\/wp-content\/uploads\/2023\/12\/Balsamo-al-Cocco-1345x2048.jpg 1345w, https:\/\/vitapulita.com\/wp-content\/uploads\/2023\/12\/Balsamo-al-Cocco-600x913.jpg 600w, https:\/\/vitapulita.com\/wp-content\/uploads\/2023\/12\/Balsamo-al-Cocco-scaled.jpg 1682w\" sizes=\"(max-width: 197px) 100vw, 197px\" \/><\/p>\n","protected":false},"excerpt":{"rendered":"<p>Mask\u00eb me arrakokos q\u00eb l\u00eb flok\u00ebt t\u00eb but\u00eb dhe t\u00eb leht\u00eb per t\u2019u krehur. Shp\u00eblahet me leht\u00ebsi. P\u00ebrdorimi: Vendoseni tek floket pasi e keni shp\u00eblar\u00eb mir\u00eb pas larjes me shampo dhe prisni 5 minuta p\u00ebrpara sa ta shp\u00eblani.<\/p>\n","protected":false},"featured_media":381,"comment_status":"open","ping_status":"closed","template":"","meta":[],"product_brand":[],"product_cat":[31],"product_tag":[],"class_list":{"0":"post-143","1":"product","2":"type-product","3":"status-publish","4":"has-post-thumbnail","6":"product_cat-shampoo","8":"first","9":"instock","10":"shipping-taxable","11":"purchasable","12":"product-type-simple"},"_links":{"self":[{"href":"https:\/\/vitapulita.com\/index.php\/wp-json\/wp\/v2\/product\/143","targetHints":{"allow":["GET"]}}],"collection":[{"href":"https:\/\/vitapulita.com\/index.php\/wp-json\/wp\/v2\/product"}],"about":[{"href":"https:\/\/vitapulita.com\/index.php\/wp-json\/wp\/v2\/types\/product"}],"replies":[{"embeddable":true,"href":"https:\/\/vitapulita.com\/index.php\/wp-json\/wp\/v2\/comments?post=143"}],"wp:featuredmedia":[{"embeddable":true,"href":"https:\/\/vitapulita.com\/index.php\/wp-json\/wp\/v2\/media\/381"}],"wp:attachment":[{"href":"https:\/\/vitapulita.com\/index.php\/wp-json\/wp\/v2\/media?parent=143"}],"wp:term":[{"taxonomy":"product_brand","embeddable":true,"href":"https:\/\/vitapulita.com\/index.php\/wp-json\/wp\/v2\/product_brand?post=143"},{"taxonomy":"product_cat","embeddable":true,"href":"https:\/\/vitapulita.com\/index.php\/wp-json\/wp\/v2\/product_cat?post=143"},{"taxonomy":"product_tag","embeddable":true,"href":"https:\/\/vitapulita.com\/index.php\/wp-json\/wp\/v2\/product_tag?post=143"}],"curies":[{"name":"wp","href":"https:\/\/api.w.org\/{rel}","templated":true}]}}