{"id":135,"date":"2023-12-12T23:28:51","date_gmt":"2023-12-12T23:28:51","guid":{"rendered":"https:\/\/vitapulita.com\/?post_type=product&#038;p=135"},"modified":"2024-09-07T22:40:21","modified_gmt":"2024-09-07T22:40:21","slug":"professionale","status":"publish","type":"product","link":"https:\/\/vitapulita.com\/index.php\/product\/professionale\/","title":{"rendered":"Professionale"},"content":{"rendered":"<p><strong>Lar\u00ebs dyshemeje Profesional<\/strong><\/p>\n<p>Formuluar si nj\u00eb sgrasant i v\u00ebrtet\u00eb, vepron n\u00eb thell\u00ebsi n\u00eb t\u00eb gjitha sip\u00ebrfaqet e forta, duke hequr edhe papast\u00ebrtit\u00eb m\u00eb kok\u00ebforta, t\u00eb fshehura n\u00eb fuga dhe n\u00eb porozitetin e pllakave; \u00ebsht\u00eb i p\u00ebrshtatsh\u00ebm p\u00ebr sip\u00ebrfaqe ve\u00e7an\u00ebrisht t\u00eb pista dhe t\u00eb v\u00ebshtira p\u00ebr t&#8217;u pastruar n\u00eb sht\u00ebpi, dyqane, zyra, hotele, restorante, laborator\u00eb etj.<\/p>\n<p>Nuk l\u00eb vija dhe nuk k\u00ebrkon shp\u00eblarje.<\/p>\n<p>Doza: 70g\/5L uje<\/p>\n","protected":false},"excerpt":{"rendered":"<p>Lar\u00ebs dyshemeje Profesional Formuluar si nj\u00eb sgrasant i v\u00ebrtet\u00eb, vepron n\u00eb thell\u00ebsi n\u00eb t\u00eb gjitha sip\u00ebrfaqet e forta, duke hequr edhe papast\u00ebrtit\u00eb m\u00eb kok\u00ebforta, t\u00eb fshehura n\u00eb fuga dhe n\u00eb porozitetin e pllakave; \u00ebsht\u00eb i p\u00ebrshtatsh\u00ebm p\u00ebr sip\u00ebrfaqe ve\u00e7an\u00ebrisht t\u00eb pista dhe t\u00eb v\u00ebshtira p\u00ebr t&#8217;u pastruar n\u00eb sht\u00ebpi, dyqane, zyra, hotele, restorante, laborator\u00eb etj. [&hellip;]<\/p>\n","protected":false},"featured_media":388,"comment_status":"open","ping_status":"closed","template":"","meta":[],"product_brand":[],"product_cat":[30],"product_tag":[],"class_list":{"0":"post-135","1":"product","2":"type-product","3":"status-publish","4":"has-post-thumbnail","6":"product_cat-lares-dyshemeje","8":"first","9":"instock","10":"shipping-taxable","11":"purchasable","12":"product-type-simple"},"_links":{"self":[{"href":"https:\/\/vitapulita.com\/index.php\/wp-json\/wp\/v2\/product\/135","targetHints":{"allow":["GET"]}}],"collection":[{"href":"https:\/\/vitapulita.com\/index.php\/wp-json\/wp\/v2\/product"}],"about":[{"href":"https:\/\/vitapulita.com\/index.php\/wp-json\/wp\/v2\/types\/product"}],"replies":[{"embeddable":true,"href":"https:\/\/vitapulita.com\/index.php\/wp-json\/wp\/v2\/comments?post=135"}],"wp:featuredmedia":[{"embeddable":true,"href":"https:\/\/vitapulita.com\/index.php\/wp-json\/wp\/v2\/media\/388"}],"wp:attachment":[{"href":"https:\/\/vitapulita.com\/index.php\/wp-json\/wp\/v2\/media?parent=135"}],"wp:term":[{"taxonomy":"product_brand","embeddable":true,"href":"https:\/\/vitapulita.com\/index.php\/wp-json\/wp\/v2\/product_brand?post=135"},{"taxonomy":"product_cat","embeddable":true,"href":"https:\/\/vitapulita.com\/index.php\/wp-json\/wp\/v2\/product_cat?post=135"},{"taxonomy":"product_tag","embeddable":true,"href":"https:\/\/vitapulita.com\/index.php\/wp-json\/wp\/v2\/product_tag?post=135"}],"curies":[{"name":"wp","href":"https:\/\/api.w.org\/{rel}","templated":true}]}}