{"id":129,"date":"2023-12-12T23:24:34","date_gmt":"2023-12-12T23:24:34","guid":{"rendered":"https:\/\/vitapulita.com\/?post_type=product&#038;p=129"},"modified":"2024-09-11T10:15:50","modified_gmt":"2024-09-11T10:15:50","slug":"fiori-di-loto-4","status":"publish","type":"product","link":"https:\/\/vitapulita.com\/index.php\/product\/fiori-di-loto-4\/","title":{"rendered":"Fiori di Loto"},"content":{"rendered":"<figure id=\"attachment_396\" aria-describedby=\"caption-attachment-396\" style=\"width: 134px\" class=\"wp-caption alignnone\"><img decoding=\"async\" class=\"size-medium wp-image-396\" src=\"https:\/\/vitapulita.com\/wp-content\/uploads\/2023\/12\/Lavapavimenti-Fiori-di-Loto-2-134x300.jpg\" alt=\"\" width=\"134\" height=\"300\" srcset=\"https:\/\/vitapulita.com\/wp-content\/uploads\/2023\/12\/Lavapavimenti-Fiori-di-Loto-2-134x300.jpg 134w, https:\/\/vitapulita.com\/wp-content\/uploads\/2023\/12\/Lavapavimenti-Fiori-di-Loto-2-459x1024.jpg 459w, https:\/\/vitapulita.com\/wp-content\/uploads\/2023\/12\/Lavapavimenti-Fiori-di-Loto-2-768x1714.jpg 768w, https:\/\/vitapulita.com\/wp-content\/uploads\/2023\/12\/Lavapavimenti-Fiori-di-Loto-2-688x1536.jpg 688w, https:\/\/vitapulita.com\/wp-content\/uploads\/2023\/12\/Lavapavimenti-Fiori-di-Loto-2-918x2048.jpg 918w, https:\/\/vitapulita.com\/wp-content\/uploads\/2023\/12\/Lavapavimenti-Fiori-di-Loto-2-600x1339.jpg 600w, https:\/\/vitapulita.com\/wp-content\/uploads\/2023\/12\/Lavapavimenti-Fiori-di-Loto-2-scaled.jpg 1147w\" sizes=\"(max-width: 134px) 100vw, 134px\" \/><figcaption id=\"caption-attachment-396\" class=\"wp-caption-text\">oplus_1048608<\/figcaption><\/figure>\n<p>I p\u00ebrshtatsh\u00ebm p\u00ebr t\u00eb gjitha llojet e dyshemeve p\u00ebr pastrim t\u00eb thell\u00eb dhe me arom\u00eb t\u00eb k\u00ebndshme t\u00eb lules s\u00eb Lotusit.<\/p>\n<p>I p\u00ebrshtatsh\u00ebm p\u00ebr pastrim t\u00eb p\u00ebrditsh\u00ebm; nuk l\u00eb vija dhe nuk k\u00ebrkon shp\u00eblarje.<\/p>\n<p>Doza: 70g p\u00ebr 5L uj\u00eb<\/p>\n","protected":false},"excerpt":{"rendered":"<p>I p\u00ebrshtatsh\u00ebm p\u00ebr t\u00eb gjitha llojet e dyshemeve p\u00ebr pastrim t\u00eb thell\u00eb dhe me arom\u00eb t\u00eb k\u00ebndshme t\u00eb lules s\u00eb Lotusit. I p\u00ebrshtatsh\u00ebm p\u00ebr pastrim t\u00eb p\u00ebrditsh\u00ebm; nuk l\u00eb vija dhe nuk k\u00ebrkon shp\u00eblarje. Doza: 70g p\u00ebr 5L uj\u00eb<\/p>\n","protected":false},"featured_media":394,"comment_status":"open","ping_status":"closed","template":"","meta":[],"product_brand":[],"product_cat":[30],"product_tag":[],"class_list":{"0":"post-129","1":"product","2":"type-product","3":"status-publish","4":"has-post-thumbnail","6":"product_cat-lares-dyshemeje","8":"first","9":"instock","10":"shipping-taxable","11":"purchasable","12":"product-type-simple"},"_links":{"self":[{"href":"https:\/\/vitapulita.com\/index.php\/wp-json\/wp\/v2\/product\/129","targetHints":{"allow":["GET"]}}],"collection":[{"href":"https:\/\/vitapulita.com\/index.php\/wp-json\/wp\/v2\/product"}],"about":[{"href":"https:\/\/vitapulita.com\/index.php\/wp-json\/wp\/v2\/types\/product"}],"replies":[{"embeddable":true,"href":"https:\/\/vitapulita.com\/index.php\/wp-json\/wp\/v2\/comments?post=129"}],"wp:featuredmedia":[{"embeddable":true,"href":"https:\/\/vitapulita.com\/index.php\/wp-json\/wp\/v2\/media\/394"}],"wp:attachment":[{"href":"https:\/\/vitapulita.com\/index.php\/wp-json\/wp\/v2\/media?parent=129"}],"wp:term":[{"taxonomy":"product_brand","embeddable":true,"href":"https:\/\/vitapulita.com\/index.php\/wp-json\/wp\/v2\/product_brand?post=129"},{"taxonomy":"product_cat","embeddable":true,"href":"https:\/\/vitapulita.com\/index.php\/wp-json\/wp\/v2\/product_cat?post=129"},{"taxonomy":"product_tag","embeddable":true,"href":"https:\/\/vitapulita.com\/index.php\/wp-json\/wp\/v2\/product_tag?post=129"}],"curies":[{"name":"wp","href":"https:\/\/api.w.org\/{rel}","templated":true}]}}