{"id":113,"date":"2023-12-11T23:16:22","date_gmt":"2023-12-11T23:16:22","guid":{"rendered":"https:\/\/vitapulita.com\/?post_type=product&#038;p=113"},"modified":"2025-06-06T00:49:44","modified_gmt":"2025-06-06T00:49:44","slug":"aceto-e-bicarbonato","status":"publish","type":"product","link":"https:\/\/vitapulita.com\/index.php\/product\/aceto-e-bicarbonato\/","title":{"rendered":"Aceto e Bicarbonato"},"content":{"rendered":"<p><strong>Lar\u00ebs en\u00ebsh me mente dhe uthull<\/strong><\/p>\n<p>Ideale p\u00ebr t\u00eb hequr papast\u00ebrtit\u00eb dhe yndyrat nga en\u00ebt tuaja! Fal\u00eb fuqis\u00eb pastruese dhe higjienizuese t\u00eb uthull\u00ebs, eliminon \u00e7do lloj papast\u00ebrtie.<\/p>\n<p>&nbsp;<\/p>\n","protected":false},"excerpt":{"rendered":"<p>Lar\u00ebs en\u00ebsh me mente dhe uthull Ideale p\u00ebr t\u00eb hequr papast\u00ebrtit\u00eb dhe yndyrat nga en\u00ebt tuaja! Fal\u00eb fuqis\u00eb pastruese dhe higjienizuese t\u00eb uthull\u00ebs, eliminon \u00e7do lloj papast\u00ebrtie. &nbsp;<\/p>\n","protected":false},"featured_media":419,"comment_status":"open","ping_status":"closed","template":"","meta":[],"product_brand":[],"product_cat":[27],"product_tag":[],"class_list":{"0":"post-113","1":"product","2":"type-product","3":"status-publish","4":"has-post-thumbnail","6":"product_cat-lares-enesh","8":"first","9":"instock","10":"shipping-taxable","11":"purchasable","12":"product-type-simple"},"_links":{"self":[{"href":"https:\/\/vitapulita.com\/index.php\/wp-json\/wp\/v2\/product\/113","targetHints":{"allow":["GET"]}}],"collection":[{"href":"https:\/\/vitapulita.com\/index.php\/wp-json\/wp\/v2\/product"}],"about":[{"href":"https:\/\/vitapulita.com\/index.php\/wp-json\/wp\/v2\/types\/product"}],"replies":[{"embeddable":true,"href":"https:\/\/vitapulita.com\/index.php\/wp-json\/wp\/v2\/comments?post=113"}],"wp:featuredmedia":[{"embeddable":true,"href":"https:\/\/vitapulita.com\/index.php\/wp-json\/wp\/v2\/media\/419"}],"wp:attachment":[{"href":"https:\/\/vitapulita.com\/index.php\/wp-json\/wp\/v2\/media?parent=113"}],"wp:term":[{"taxonomy":"product_brand","embeddable":true,"href":"https:\/\/vitapulita.com\/index.php\/wp-json\/wp\/v2\/product_brand?post=113"},{"taxonomy":"product_cat","embeddable":true,"href":"https:\/\/vitapulita.com\/index.php\/wp-json\/wp\/v2\/product_cat?post=113"},{"taxonomy":"product_tag","embeddable":true,"href":"https:\/\/vitapulita.com\/index.php\/wp-json\/wp\/v2\/product_tag?post=113"}],"curies":[{"name":"wp","href":"https:\/\/api.w.org\/{rel}","templated":true}]}}